4 - -35). What is the greatest common factor of 50 and f?
2
Suppose a + 386 = 4*z - 0*a, z + 5*a = 86. Calculate the highest common divisor of 7776 and z.
96
Suppose 45 + 27 = 2*a. Suppose -40 = -7*x + 2291. Suppose u = 2*s - 0*u - 167, x = 4*s - 3*u. Calculate the highest common factor of s and a.
12
Let o(a) = -7 + 76*a - 77*a + 3 - 4. Let j be o(-8). Suppose 3*s = -j*s + 99. Calculate the greatest common factor of s and 11.
11
Suppose 2*j = -j + 54. Suppose 9 = 21*w - j*w. Suppose 3 + w = 2*t, 4*t - 116 = -2*r. Calculate the highest common factor of r and 4.
4
Suppose 2*a - 3321 = 5*l, -3*a - 9*l = -3*l - 5049. Calculate the greatest common factor of a and 7.
7
Let h = -212 - -1031. Suppose 77 = -n + 3*s + 158, 3*n - 207 = 3*s. Calculate the greatest common factor of n and h.
63
Let c be 150/(24/13 - 2). Suppose 1995*b - 2003*b = 5304. Let a = b - c. Calculate the highest common divisor of 39 and a.
39
Let m(q) = 2002*q**3 - 16*q**2 + 15*q - 5. Let u be m(3). Calculate the greatest common factor of u and 25.
25
Let v = 6711 + -6683. What is the greatest common divisor of v and 1029?
7
Suppose 47*r = 13*r + 107440. Calculate the highest common factor of 120 and r.
40
Let k be -1 + 7 - (-27 + -41). Let s = k - 72. What is the highest common factor of 3 and s?
1
Suppose -4*y - b = -27844, 5554 + 22302 = 4*y + 4*b. What is the highest common factor of y and 522?
174
Let v be 12/84 - (-836)/28. Suppose 0 = 49*n - v*n - 171. What is the highest common factor of n and 1?
1
Let k be (-13)/2*(-3 - 13). Let z = -536 + 552. Calculate the greatest common factor of z and k.
8
Suppose 4*w + 3*p - p = 134, 0 = 4*p - 12. Let h = -66079 - -66223. What is the highest common divisor of w and h?
16
Let q(i) = -i**3 + 44*i**2 - 35*i - 159. Let k be q(43). What is the greatest common factor of 80 and k?
5
Suppose 0 = r - 20 - 8. Let i = -1172 + 1652. Suppose i = r*p - 23*p. Calculate the greatest common factor of p and 12.
12
Let g(z) = -2*z + 55. Let m be g(29). Let k be (-85)/51 + (-50)/m. What is the highest common factor of k and 5?
5
Let h be 20 + -13 + -1 - (-2041 + -2). Calculate the highest common divisor of 6 and h.
3
Let l = -81 - -72. Let s be 1/3 + (264/l - 1). Let o be s/3*-2*4/8. Calculate the greatest common divisor of 5 and o.
5
Suppose 4*z - 21 = -125. Let d = -19 - 4. Let c = d - z. Calculate the greatest common divisor of 9 and c.
3
Let o(p) = 3439*p + 156. Let u be o(4). Calculate the highest common factor of 296 and u.
296
Suppose -3*q = -2*w - 10, -q = -3*q + 3*w + 10. Let g be (-6)/(-4)*-2 + 6*q. Suppose -5*n + g*n - 72 = 0. Calculate the highest common factor of 30 and n.
6
Let b(c) = -5*c - 6. Let h be b(-4). Let v = 1251 - 1125. Calculate the highest common divisor of h and v.
14
Suppose 0 = 5*k + 5*c - 1905 + 770, 0 = 2*k - c - 445. Suppose -v = z - 0*v - 11, -3*z + 3*v = -51. What is the greatest common factor of k and z?
14
Suppose 4*q + 308 = 4*l - 0*q, 379 = 5*l - 2*q. Let s(f) = f**3 + 37*f**2 + 8*f - 408. Let z be s(-36). Calculate the greatest common divisor of l and z.
75
Suppose -2*l = -3*w - 6, 0 = 4*l + l. Let q be (w + 3)/((-5)/(-105))*11. Suppose 209 + q = 11*m. What is the highest common divisor of 8 and m?
8
Let j(k) = -k + 5. Let i be j(4). Let w be i + -4 + 9 + 74. Suppose -p + 5*n + 31 = 0, -4*n + 2*n = 5*p - 74. What is the greatest common divisor of w and p?
16
Let t = 2554 + -1773. Let x = t - 424. Calculate the highest common divisor of x and 153.
51
Let w(r) = -33*r + 2352. Let b be w(70). Calculate the greatest common factor of b and 9723.
21
Suppose -37*m - 106 = -36*m. Let r = m - -298. Let v = -66 - -90. What is the greatest common factor of r and v?
24
Let j(o) = o**2 + 2*o - 3. Let d be j(3). Suppose -328 + 28 = -d*x. What is the greatest common divisor of 10 and x?
5
Suppose -y - v + 124 = 0, 508*y - 509*y = 3*v - 122. Calculate the highest common factor of 4075 and y.
25
Suppose 5*g + j - 3*j = -4, 4*g + 3*j - 6 = 0. Suppose 4*s - m - 156 = g, -s + 5*m - 18 = -57. Let u = -26 + s. Calculate the highest common factor of u and 52.
13
Let b be (-6)/(-27) + 15*(-15)/(-81). Let v(g) = 20*g**3 + 7*g + 11. Let s be v(b). What is the highest common divisor of s and 44?
44
Suppose x + 0*x - 3*k = 54, 123 = 3*x + 4*k. Suppose -x = -f + 99. What is the greatest common divisor of 90 and f?
18
Suppose 68*u - 1620 = -16*u + 30*u. Calculate the highest common divisor of 5190 and u.
30
Suppose x - 190 = -5*y, -x + 5*y = -3*x + 390. Suppose 21*q = 13*q + x. What is the highest common factor of 10 and q?
5
Suppose -4*f - 5*a + 0*a = -1307, 658 = 2*f + 4*a. Let x = 26966 - 26949. Calculate the greatest common factor of x and f.
17
Let z(t) = 40*t**2 + 35*t - 191. Let r(k) = -8*k**2 - 7*k + 38. Let n(o) = -11*r(o) - 2*z(o). Let w be n(7). Calculate the highest common factor of 45 and w.
45
Let g = -1114 + 1205. Let s = -6 - -58. What is the greatest common factor of g and s?
13
Let x be -1*(-1 + -3) + 2. Suppose -144*k - 118*k + 73884 = 0. Calculate the highest common divisor of x and k.
6
Suppose 25*v - 1227 - 48 = 0. Calculate the highest common factor of 782 and v.
17
Let u = -656 + 981. What is the highest common factor of 4030 and u?
65
Let w be 92 + -18 + (-494)/(-19). Calculate the highest common divisor of w and 7625.
25
Let w(t) be the second derivative of -t**5/20 + t**4/2 + t**3 + 2*t. Let p be w(6). Let j = -2368 + 2458. What is the highest common divisor of j and p?
18
Suppose -2*p = -y - 3*y - 2790, 5*p - 6959 = 2*y. Suppose 4*m - p = 1117. Calculate the greatest common factor of m and 33.
33
Let s be 300/3 + ((-6)/(-27) - (-1184)/(-144)). What is the highest common divisor of s and 8119?
23
Let u be (-20 - -330) + -3 + (2 - -5 - 3). Calculate the greatest common divisor of 6 and u.
1
Suppose -34*d + 64*d = 72390. Calculate the highest common divisor of 127 and d.
127
Suppose -24 = -9*i + 3. Suppose -i*o - 85 = -7*o + 3*z, -5*z = -o. What is the greatest common factor of 200 and o?
25
Let d = -8413 - -8850. Calculate the highest common divisor of d and 703.
19
Let n(s) = s**3 + 5*s**2 - 8*s + 3. Let g be n(-6). Let q = 825 - 816. Calculate the greatest common factor of g and q.
3
Let a(w) be the second derivative of 25*w**3/6 - 259*w**2/2 + 10*w - 16. Let b be a(14). What is the greatest common divisor of b and 56?
7
Let y be -1*2 + 3*8. Let g be -9 - (-148512)/70 - 3/5. Let p be (11*(-2)/4)/((-48)/g). Calculate the highest common divisor of p and y.
22
Let v = 440563 - 440557. Let o(g) = -g**3 + 3*g**2 + 2*g + 3. Let q be o(4). Let m = 4 - q. What is the greatest common divisor of v and m?
3
Let d(g) = -2*g + 38. Let l be d(19). Let o = 13 + -10. Suppose -o*q + q + 50 = l. Calculate the highest common factor of 75 and q.
25
Let g(k) = 64*k - 1058. Let t be g(46). Calculate the greatest common factor of t and 115.
23
Let q = 54400 - 54368. Let t(f) = 29*f**3 + 2*f**2 + f - 4. Let n be t(3). Calculate the greatest common divisor of q and n.
32
Let l(v) = -826*v - 2784. Let k be l(-4). What is the highest common factor of k and 1160?
40
Let c be (-9)/((-54)/696) + 0/(3 - -2). What is the greatest common divisor of 64 and c?
4
Let p be (-1 + -4)*(0 + (-166)/10). Suppose -t + 53 = 4*s, 3*t + 2*s - 222 = -p. Calculate the highest common factor of 165 and t.
15
Let q = 25627 + -9115. Calculate the greatest common factor of q and 6.
6
Let b be (12/18 - 2/12)*18. Let u(l) = -4*l + 55. Let g be u(-11). Calculate the highest common divisor of b and g.
9
Let m = 626 - 566. Calculate the highest common divisor of 12 and m.
12
Suppose -3*q + 32 - 8 = 0. Suppose 5 = 2*d - 11. Let c be d - 0 - (-10 + (-14)/(-1)). Calculate the greatest common factor of c and q.
4
Let i be ((-10)/3 - -3) + 50/15 - -52. What is the greatest common divisor of 1034 and i?
11
Suppose 169*n + 4125 = 180*n. Suppose 4 = y - 5*z, -y + 5*z + 8 = y. Suppose n = y*r + r. What is the highest common divisor of 15 and r?
15
Let c(g) be the second derivative of -63*g**5/20 - g**4/4 - 5*g**3/6 - g**2 - 225*g. Let k be c(-1). What is the greatest common factor of k and 49?
7
Suppose -444*m + 277293 = -175587. What is the greatest common factor of m and 1088?
68
Suppose -5*d - c + 20 - 112 = 0, 0 = c - 3. Let o = 20 + d. Let r(t) = 6*t + 63. Let m be r(-10